{"id":751,"date":"2025-12-11T15:46:54","date_gmt":"2025-12-11T18:46:54","guid":{"rendered":"https:\/\/www.abbraccio.com.br\/?post_type=destaque&#038;p=751"},"modified":"2026-02-23T10:31:25","modified_gmt":"2026-02-23T13:31:25","slug":"sala-de-imprensa","status":"publish","type":"destaque","link":"https:\/\/www.abbraccio.com.br\/destaque\/sala-de-imprensa\/","title":{"rendered":"Sala de imprensa"},"content":{"rendered":"\n<p>Bem-vindo \u00e0 Sala de Imprensa do Abbraccio. Aqui, jornalistas, ve\u00edculos de comunica\u00e7\u00e3o e criadores de conte\u00fado encontram informa\u00e7\u00f5es oficiais sobre a marca, incluindo novidades, comunicados, materiais institucionais e atualiza\u00e7\u00f5es sobre produtos, campanhas e iniciativas do Abbraccio no Brasil.<\/p>\n\n\n\n<p>Se voc\u00ea precisa de&nbsp;<strong>informa\u00e7\u00f5es para imprensa<\/strong>, solicita\u00e7\u00f5es de entrevistas, dados corporativos, imagens oficiais ou deseja falar com a equipe respons\u00e1vel pela comunica\u00e7\u00e3o da marca, entre em contato com nossa assessoria.<\/p>\n\n\n\n<p>Para falar sobre assuntos de imprensa envie um e-mail para: <br><a href=\"mailto:abbraccio@jeffreygroup.com\" target=\"_blank\" rel=\"noreferrer noopener\"><a href=\"mailto:abbraccio@jeffreygroup.com\">abbraccio@jeffreygroup.com<\/a><\/a><\/p>\n\n\n\n<p>A equipe de comunica\u00e7\u00e3o est\u00e1 dispon\u00edvel para apoiar com pautas, esclarecimentos e demais demandas relacionadas \u00e0 Abbraccio.<\/p>\n\n\n\n<p>Fique \u00e0 vontade para explorar nossos conte\u00fados e acompanhar as \u00faltimas not\u00edcias e lan\u00e7amentos da marca.<\/p>\n","protected":false},"featured_media":0,"template":"","class_list":["post-751","destaque","type-destaque","status-publish","hentry"],"acf":[],"_links":{"self":[{"href":"https:\/\/www.abbraccio.com.br\/abbjson\/wp\/v2\/destaque\/751","targetHints":{"allow":["GET"]}}],"collection":[{"href":"https:\/\/www.abbraccio.com.br\/abbjson\/wp\/v2\/destaque"}],"about":[{"href":"https:\/\/www.abbraccio.com.br\/abbjson\/wp\/v2\/types\/destaque"}],"wp:attachment":[{"href":"https:\/\/www.abbraccio.com.br\/abbjson\/wp\/v2\/media?parent=751"}],"curies":[{"name":"wp","href":"https:\/\/api.w.org\/{rel}","templated":true}]}}

<p>Bem-vindo à Sala de Imprensa do Abbraccio. Aqui, jornalistas, veículos de comunicação e criadores de conteúdo encontram informações oficiais sobre a marca, incluindo novidades, comunicados, materiais institucionais e atualizações sobre produtos, campanhas e iniciativas do Abbraccio no Brasil.</p>



<p>Se você precisa de&nbsp;<strong>informações para imprensa</strong>, solicitações de entrevistas, dados corporativos, imagens oficiais ou deseja falar com a equipe responsável pela comunicação da marca, entre em contato com nossa assessoria.</p>



<p>Para falar sobre assuntos de imprensa envie um e-mail para: <br><a href="mailto:abbraccio@jeffreygroup.com" target="_blank" rel="noreferrer noopener"><a href="mailto:abbraccio@jeffreygroup.com">abbraccio@jeffreygroup.com</a></a></p>



<p>A equipe de comunicação está disponível para apoiar com pautas, esclarecimentos e demais demandas relacionadas à Abbraccio.</p>



<p>Fique à vontade para explorar nossos conteúdos e acompanhar as últimas notícias e lançamentos da marca.</p>
